{"id":1806,"date":"2019-03-13T11:36:40","date_gmt":"2019-03-13T08:36:40","guid":{"rendered":"http:\/\/asm.vniiftri.ru\/?page_id=1806"},"modified":"2024-04-22T14:12:28","modified_gmt":"2024-04-22T11:12:28","slug":"%d1%80%d0%be%d0%bb%d1%8c-%d0%b3%d0%be%d1%81%d1%83%d0%b4%d0%b0%d1%80%d1%81%d1%82%d0%b2%d0%b5%d0%bd%d0%bd%d0%be%d0%b3%d0%be-%d0%bf%d0%b5%d1%80%d0%b2%d0%b8%d1%87%d0%bd%d0%be%d0%b3%d0%be-%d1%8d%d1%82","status":"publish","type":"page","link":"https:\/\/asm.vniiftri.ru\/?page_id=1806","title":{"rendered":"\u0420\u043e\u043b\u044c \u0433\u043e\u0441\u0443\u0434\u0430\u0440\u0441\u0442\u0432\u0435\u043d\u043d\u043e\u0433\u043e \u043f\u0435\u0440\u0432\u0438\u0447\u043d\u043e\u0433\u043e \u044d\u0442\u0430\u043b\u043e\u043d\u0430 \u043d\u0430 \u043e\u0441\u043d\u043e\u0432\u0435 \u043a\u0443\u043b\u043e\u043d\u043e\u043c\u0435\u0442\u0440\u0438\u0438 \u0413\u042d\u0422 176 \u0432 \u043e\u0431\u0435\u0441\u043f\u0435\u0447\u0435\u043d\u0438\u0438 \u043f\u0440\u043e\u0441\u043b\u0435\u0436\u0438\u0432\u0430\u0435\u043c\u043e\u0441\u0442\u0438 \u0440\u0435\u0437\u0443\u043b\u044c\u0442\u0430\u0442\u043e\u0432 \u0430\u043d\u0430\u043b\u0438\u0442\u0438\u0447\u0435\u0441\u043a\u0438\u0445 \u0438\u0437\u043c\u0435\u0440\u0435\u043d\u0438\u0439"},"content":{"rendered":"\n<h3>\u0410.\u0412. \u0421\u043e\u0431\u0438\u043d\u0430, \u0413.\u0418. \u0422\u0435\u0440\u0435\u043d\u0442\u044c\u0435\u0432, \u0410.\u042e. \u0428\u0438\u043c\u043e\u043b\u0438\u043d, \u0412.\u041c. \u0417\u044b\u0441\u043a\u0438\u043d<\/h3>\n\n\n\n<p>\u0424\u0413\u0423\u041f \u00ab\u0423\u041d\u0418\u0418\u041c\u00bb, \u0415\u043a\u0430\u0442\u0435\u0440\u0438\u043d\u0431\u0443\u0440\u0433<\/p>\n\n\n\n<p><a href=\"https:\/\/asm.vniiftri.ru\/?page_id=676\">\u00ab\u0410\u043b\u044c\u043c\u0430\u043d\u0430\u0445 \u0441\u043e\u0432\u0440\u0435\u043c\u0435\u043d\u043d\u043e\u0439 \u043c\u0435\u0442\u0440\u043e\u043b\u043e\u0433\u0438\u0438\u00bb \u2116&nbsp;2 (14) 2018<\/a>, \u0441\u0442\u0440. 26\u201334<\/p>\n\n\n<p><a href=\"https:\/\/asm.vniiftri.ru\/wp-content\/uploads\/2022\/07\/\u0410\u043b\u044c\u043c\u0430\u043d\u0430\u0445-\u0441\u043e\u0432\u0440\u0435\u043c\u0435\u043d\u043d\u043e\u0438\u0306-\u043c\u0435\u0442\u0440\u043e\u043b\u043e\u0433\u0438\u0438-\u2116-2-2018-\u0441\u0442\u0440-26\u201334.pdf\">\u0421\u0442\u0430\u0442\u044c\u044f \u0432 \u043f\u043e\u043b\u043d\u043e\u043c \u043e\u0431\u044a\u0435\u043c\u0435 (PDF)<\/a><\/p>\n\n\n<p><strong>\u0423\u0414\u041a 006.91:544<\/strong><\/p>\n\n\n\n<p><strong>\u041f\u0440\u0435\u0434\u0441\u0442\u0430\u0432\u043b\u0435\u043d\u044b \u043a\u0440\u0430\u0442\u043a\u0438\u0435 \u0441\u0432\u0435\u0434\u0435\u043d\u0438\u044f \u043e \u0413\u043e\u0441\u0443\u0434\u0430\u0440\u0441\u0442\u0432\u0435\u043d\u043d\u043e\u043c \u043f\u0435\u0440\u0432\u0438\u0447\u043d\u043e\u043c \u044d\u0442\u0430\u043b\u043e\u043d\u0435 \u0435\u0434\u0438\u043d\u0438\u0446 \u043c\u0430\u0441\u0441\u043e\u0432\u043e\u0439 (\u043c\u043e\u043b\u044f\u0440\u043d\u043e\u0439) \u0434\u043e\u043b\u0438 \u0438 \u043c\u0430\u0441\u0441\u043e\u0432\u043e\u0439 (\u043c\u043e\u043b\u044f\u0440\u043d\u043e\u0439) \u043a\u043e\u043d\u0446\u0435\u043d\u0442\u0440\u0430\u0446\u0438\u0438 \u043a\u043e\u043c\u043f\u043e\u043d\u0435\u043d\u0442\u0430 \u0432 \u0436\u0438\u0434\u043a\u0438\u0445 \u0438 \u0442\u0432\u0435\u0440\u0434\u044b\u0445 \u0432\u0435\u0449\u0435\u0441\u0442\u0432\u0430\u0445 \u043d\u0430 \u043e\u0441\u043d\u043e\u0432\u0435 \u043a\u0443\u043b\u043e\u043d\u043e\u043c\u0435\u0442\u0440\u0438\u0438 \u0413\u042d\u0422 176-2013. \u041f\u0440\u0438\u0432\u0435\u0434\u0435\u043d \u043f\u0435\u0440\u0435\u0447\u0435\u043d\u044c \u0438 \u043c\u0435\u0442\u0440\u043e\u043b\u043e\u0433\u0438\u0447\u0435\u0441\u043a\u0438\u0435 \u0445\u0430\u0440\u0430\u043a\u0442\u0435\u0440\u0438\u0441\u0442\u0438\u043a\u0438 \u043f\u0435\u0440\u0432\u0438\u0447\u043d\u044b\u0445 \u0441\u0442\u0430\u043d\u0434\u0430\u0440\u0442\u043d\u044b\u0445 \u043e\u0431\u0440\u0430\u0437\u0446\u043e\u0432 \u0441\u043e\u0441\u0442\u0430\u0432\u0430 \u0447\u0438\u0441\u0442\u044b\u0445 \u0445\u0438\u043c\u0438\u0447\u0435\u0441\u043a\u0438\u0445 \u0432\u0435\u0449\u0435\u0441\u0442\u0432 \u0438 \u0438\u0445 \u0440\u0430\u0441\u0442\u0432\u043e\u0440\u043e\u0432, \u044f\u0432\u043b\u044f\u044e\u0449\u0438\u0445\u0441\u044f \u043d\u043e\u0441\u0438\u0442\u0435\u043b\u044f\u043c\u0438 \u0435\u0434\u0438\u043d\u0438\u0446 \u0432\u0435\u043b\u0438\u0447\u0438\u043d, \u0432\u043e\u0441\u043f\u0440\u043e\u0438\u0437\u0432\u043e\u0434\u0438\u043c\u044b\u0445 \u0413\u042d\u0422 176. \u041e\u043f\u0438\u0441\u0430\u043d\u044b \u043e\u0431\u043b\u0430\u0441\u0442\u0438 \u043f\u0440\u0438\u043c\u0435\u043d\u0435\u043d\u0438\u044f \u0434\u0430\u043d\u043d\u044b\u0445 \u043f\u0435\u0440\u0432\u0438\u0447\u043d\u044b\u0445 \u0441\u0442\u0430\u043d\u0434\u0430\u0440\u0442\u043d\u044b\u0445 \u043e\u0431\u0440\u0430\u0437\u0446\u043e\u0432. <\/strong><\/p>\n\n\n\n<p><strong>\u041a\u043b\u044e\u0447\u0435\u0432\u044b\u0435 \u0441\u043b\u043e\u0432\u0430: \u0433\u043e\u0441\u0443\u0434\u0430\u0440\u0441\u0442\u0432\u0435\u043d\u043d\u044b\u0439 \u043f\u0435\u0440\u0432\u0438\u0447\u043d\u044b\u0439 \u044d\u0442\u0430\u043b\u043e\u043d, \u043a\u0443\u043b\u043e\u043d\u043e\u043c\u0435\u0440\u0438\u044f, \u0441\u0442\u0430\u043d\u0434\u0430\u0440\u0442\u043d\u044b\u0435 \u043e\u0431\u0440\u0430\u0437\u0446\u044b.<\/strong><\/p>\n\n\n\n<h4>\u0426\u0438\u0442\u0438\u0440\u0443\u0435\u043c\u0430\u044f \u043b\u0438\u0442\u0435\u0440\u0430\u0442\u0443\u0440\u0430<\/h4>\n\n\n<p>1.&nbsp;\u0413\u041e\u0421\u0422 \u0420 8.735.0-2011 \u0413\u043e\u0441\u0443\u0434\u0430\u0440\u0441\u0442\u0432\u0435\u043d\u043d\u0430\u044f \u0441\u0438\u0441\u0442\u0435\u043c\u0430 \u043e\u0431\u0435\u0441\u043f\u0435\u0447\u0435\u043d\u0438\u044f \u0435\u0434\u0438\u043d\u0441\u0442\u0432\u0430 \u0438\u0437\u043c\u0435\u0440\u0435\u043d\u0438\u0439. \u0413\u043e\u0441\u0443\u0434\u0430\u0440\u0441\u0442\u0432\u0435\u043d\u043d\u0430\u044f \u043f\u043e\u0432\u0435\u0440\u043e\u0447\u043d\u0430\u044f \u0441\u0445\u0435\u043c\u0430 \u0434\u043b\u044f \u0441\u0440\u0435\u0434\u0441\u0442\u0432 \u0438\u0437\u043c\u0435\u0440\u0435\u043d\u0438\u0439 \u0441\u043e\u0434\u0435\u0440\u0436\u0430\u043d\u0438\u044f \u043a\u043e\u043c\u043f\u043e\u043d\u0435\u043d\u0442\u043e\u0432 \u0432 \u0436\u0438\u0434\u043a\u0438\u0445 \u0438 \u0442\u0432\u0435\u0440\u0434\u044b\u0445 \u0432\u0435\u0449\u0435\u0441\u0442\u0432\u0430\u0445 \u0438 \u043c\u0430\u0442\u0435\u0440\u0438\u0430\u043b\u0430\u0445. \u041e\u0441\u043d\u043e\u0432\u043d\u044b\u0435 \u043f\u043e\u043b\u043e\u0436\u0435\u043d\u0438\u044f. \u041c.: \u0421\u0442\u0430\u043d\u0434\u0430\u0440\u0442\u0438\u043d\u0444\u043e\u0440\u043c, 2012.<\/p>\n<p>2. \u0410.\u0412. \u0421\u043a\u0443\u0442\u0438\u043d\u0430, \u0413.\u0418. \u0422\u0435\u0440\u0435\u043d\u0442\u044c\u0435\u0432. \u0413\u043e\u0441\u0443\u0434\u0430\u0440\u0441\u0442\u0432\u0435\u043d\u043d\u044b\u0439 \u043f\u0435\u0440\u0432\u0438\u0447\u043d\u044b\u0439 \u044d\u0442\u0430\u043b\u043e\u043d \u0435\u0434\u0438\u043d\u0438\u0446 \u043c\u0430\u0441\u0441\u043e\u0432\u043e\u0439 (\u043c\u043e\u043b\u044f\u0440\u043d\u043e\u0439) \u0434\u043e\u043b\u0438 \u0438 \u043c\u0430\u0441\u0441\u043e\u0432\u043e\u0439 (\u043c\u043e\u043b\u044f\u0440\u043d\u043e\u0439) \u043a\u043e\u043d\u0446\u0435\u043d\u0442\u0440\u0430\u0446\u0438\u0438 \u043a\u043e\u043c\u043f\u043e\u043d\u0435\u043d\u0442\u0430 \u0432 \u0436\u0438\u0434\u043a\u0438\u0445 \u0438 \u0442\u0432\u0435\u0440\u0434\u044b\u0445 \u0432\u0435\u0449\u0435\u0441\u0442\u0432\u0430\u0445 \u0438 \u043c\u0430\u0442\u0435\u0440\u0438\u0430\u043b\u0430\u0445 \u043d\u0430 \u043e\u0441\u043d\u043e\u0432\u0435 \u043a\u0443\u043b\u043e\u043d\u043e\u043c\u0435\u0442\u0440\u0438\u0447\u0435\u0441\u043a\u043e\u0433\u043e \u0442\u0438\u0442\u0440\u043e\u0432\u0430\u043d\u0438\u044f \/\/ \u0418\u0437\u043c\u0435\u0440\u0438\u0442\u0435\u043b\u044c\u043d\u0430\u044f \u0442\u0435\u0445\u043d\u0438\u043a\u0430. \u2014 2011, \u2116 9, \u0441. 4\u20138.<\/p>\n<p>3. \u0412.\u041c. \u0417\u044b\u0441\u043a\u0438\u043d, \u0410.\u0412. \u0421\u043e\u0431\u0438\u043d\u0430, \u0410.\u042e. \u0428\u0438\u043c\u043e\u043b\u0438\u043d, \u0413.\u0418. \u0422\u0435\u0440\u0435\u043d\u0442\u044c\u0435\u0432. \u0421\u043e\u0437\u0434\u0430\u043d\u0438\u0435 \u044d\u0442\u0430\u043b\u043e\u043d\u043d\u043e\u0439 \u0443\u0441\u0442\u0430\u043d\u043e\u0432\u043a\u0438 \u043d\u0430 \u043e\u0441\u043d\u043e\u0432\u0435 \u043a\u0443\u043b\u043e\u043d\u043e\u043c\u0435\u0442\u0440\u0438\u0438 \u0441 \u043a\u043e\u043d\u0442\u0440\u043e\u043b\u0438\u0440\u0443\u0435\u043c\u044b\u043c \u043f\u043e\u0442\u0435\u043d\u0446\u0438\u0430\u043b\u043e\u043c \u0432 \u0440\u0430\u043c\u043a\u0430\u0445 \u0441\u043e\u0432\u0435\u0440\u0448\u0435\u043d\u0441\u0442\u0432\u043e\u0432\u0430\u043d\u0438\u044f \u0413\u043e\u0441\u0443\u0434\u0430\u0440\u0441\u0442\u0432\u0435\u043d\u043d\u043e\u0433\u043e \u043f\u0435\u0440\u0432\u0438\u0447\u043d\u043e\u0433\u043e \u044d\u0442\u0430\u043b\u043e\u043d\u0430 \u0413\u042d\u0422 176 \u0438 \u0435\u0435 \u0438\u0437\u043c\u0435\u0440\u0438\u0442\u0435\u043b\u044c\u043d\u044b\u0435 \u0432\u043e\u0437\u043c\u043e\u0436\u043d\u043e\u0441\u0442\u0438 \/\/ \u0421\u0442\u0430\u043d\u0434\u0430\u0440\u0442\u043d\u044b\u0435 \u043e\u0431\u0440\u0430\u0437\u0446\u044b. \u2014 2016. \u2014 \u2116 2. \u2014 \u0421. 44\u201354.<\/p>\n<p>4. T.J. Quinn. Primary methods of measurement and primary standards. Metrologia, 1997, 34, \u0440. 61\u201365.<\/p>\n<p>5. \u0413\u041e\u0421\u0422 \u0420 8.735.1-2014 \u0413\u043e\u0441\u0443\u0434\u0430\u0440\u0441\u0442\u0432\u0435\u043d\u043d\u0430\u044f \u0441\u0438\u0441\u0442\u0435\u043c\u0430 \u043e\u0431\u0435\u0441\u043f\u0435\u0447\u0435\u043d\u0438\u044f \u0435\u0434\u0438\u043d\u0441\u0442\u0432\u0430 \u0438\u0437\u043c\u0435\u0440\u0435\u043d\u0438\u0439. \u0413\u043e\u0441\u0443\u0434\u0430\u0440\u0441\u0442\u0432\u0435\u043d\u043d\u0430\u044f \u043f\u043e\u0432\u0435\u0440\u043e\u0447\u043d\u0430\u044f \u0441\u0445\u0435\u043c\u0430 \u0434\u043b\u044f \u0441\u0440\u0435\u0434\u0441\u0442\u0432 \u0438\u0437\u043c\u0435\u0440\u0435\u043d\u0438\u0439 \u0441\u043e\u0434\u0435\u0440\u0436\u0430\u043d\u0438\u044f \u043a\u043e\u043c\u043f\u043e\u043d\u0435\u043d\u0442\u043e\u0432 \u0432 \u0436\u0438\u0434\u043a\u0438\u0445 \u0438 \u0442\u0432\u0435\u0440\u0434\u044b\u0445 \u0432\u0435\u0449\u0435\u0441\u0442\u0432\u0430\u0445 \u0438 \u043c\u0430\u0442\u0435\u0440\u0438\u0430\u043b\u0430\u0445. \u041f\u0435\u0440\u0435\u0434\u0430\u0447\u0430 \u0440\u0430\u0437\u043c\u0435\u0440\u0430 \u0435\u0434\u0438\u043d\u0438\u0446 \u043e\u0442 \u0433\u043e\u0441\u0443\u0434\u0430\u0440\u0441\u0442\u0432\u0435\u043d\u043d\u043e\u0433\u043e \u043f\u0435\u0440\u0432\u0438\u0447\u043d\u043e\u0433\u043e \u044d\u0442\u0430\u043b\u043e\u043d\u0430 \u043d\u0430 \u043e\u0441\u043d\u043e\u0432\u0435 \u043a\u0443\u043b\u043e\u043d\u043e\u043c\u0435\u0442\u0440\u0438\u0438. \u2014 \u041c.: \u0421\u0442\u0430\u043d\u0434\u0430\u0440\u0442\u0438\u043d\u0444\u043e\u0440\u043c, 2015.<\/p>\n<p>6. \u0413\u041e\u0421\u0422 25794.1-83 \u0420\u0435\u0430\u043a\u0442\u0438\u0432\u044b. \u041c\u0435\u0442\u043e\u0434\u044b \u043f\u0440\u0438\u0433\u043e\u0442\u043e\u0432\u043b\u0435\u043d\u0438\u044f \u0442\u0438\u0442\u0440\u043e\u0432\u0430\u043d\u043d\u044b\u0445 \u0440\u0430\u0441\u0442\u0432\u043e\u0440\u043e\u0432 \u0434\u043b\u044f \u043a\u0438\u0441\u043b\u043e\u0442\u043d\u043e-\u043e\u0441\u043d\u043e\u0432\u043d\u043e\u0433\u043e \u0442\u0438\u0442\u0440\u043e\u0432\u0430\u043d\u0438\u044f (\u0441 \u0418\u0437\u043c\u0435\u043d\u0435\u043d\u0438\u0435\u043c \u2116 1). \u2014 \u041c.: \u0421\u0442\u0430\u043d\u0434\u0430\u0440\u0442\u0438\u043d\u0444\u043e\u0440\u043c, 2008.<\/p>\n<p>7. \u0413\u041e\u0421\u0422 25794.2-83 \u0420\u0435\u0430\u043a\u0442\u0438\u0432\u044b. \u041c\u0435\u0442\u043e\u0434\u044b \u043f\u0440\u0438\u0433\u043e\u0442\u043e\u0432\u043b\u0435\u043d\u0438\u044f \u0442\u0438\u0442\u0440\u043e\u0432\u0430\u043d\u043d\u044b\u0445 \u0440\u0430\u0441\u0442\u0432\u043e\u0440\u043e\u0432 \u0434\u043b\u044f \u043e\u043a\u0438\u0441\u043b\u0438\u0442\u0435\u043b\u044c\u043d\u043e-\u0432\u043e\u0441\u0441\u0442\u0430\u043d\u043e\u0432\u0438\u0442\u0435\u043b\u044c\u043d\u043e\u0433\u043e \u0442\u0438\u0442\u0440\u043e\u0432\u0430\u043d\u0438\u044f (\u0441 \u0418\u0437\u043c\u0435\u043d\u0435\u043d\u0438\u0435\u043c \u2116 1). \u2014 \u041c.: \u0421\u0442\u0430\u043d\u0434\u0430\u0440\u0442\u0438\u043d\u0444\u043e\u0440\u043c, 2008.<\/p>\n<p>8. \u0413\u041e\u0421\u0422 25794.3-83 \u0420\u0435\u0430\u043a\u0442\u0438\u0432\u044b. \u041c\u0435\u0442\u043e\u0434\u044b \u043f\u0440\u0438\u0433\u043e\u0442\u043e\u0432\u043b\u0435\u043d\u0438\u044f \u0442\u0438\u0442\u0440\u043e\u0432\u0430\u043d\u043d\u044b\u0445 \u0440\u0430\u0441\u0442\u0432\u043e\u0440\u043e\u0432 \u0434\u043b\u044f \u0442\u0438\u0442\u0440\u043e\u0432\u0430\u043d\u0438\u044f \u043e\u0441\u0430\u0436\u0434\u0435\u043d\u0438\u0435\u043c, \u043d\u0435\u0432\u043e\u0434\u043d\u043e\u0433\u043e \u0442\u0438\u0442\u0440\u043e\u0432\u0430\u043d\u0438\u044f \u0438 \u0434\u0440\u0443\u0433\u0438\u0445 \u043c\u0435\u0442\u043e\u0434\u043e\u0432. \u2014 \u041c.: \u0421\u0442\u0430\u043d\u0434\u0430\u0440\u0442\u0438\u043d\u0444\u043e\u0440\u043c, 2006.<\/p>\n<p>9. \u0413\u041e\u0421\u0422 \u0420 8.600-2003 \u0413\u043e\u0441\u0443\u0434\u0430\u0440\u0441\u0442\u0432\u0435\u043d\u043d\u0430\u044f \u0441\u0438\u0441\u0442\u0435\u043c\u0430 \u043e\u0431\u0435\u0441\u043f\u0435\u0447\u0435\u043d\u0438\u044f \u0435\u0434\u0438\u043d\u0441\u0442\u0432\u0430 \u0438\u0437\u043c\u0435\u0440\u0435\u043d\u0438\u0439. \u041c\u0435\u0442\u043e\u0434\u0438\u043a\u0438 \u0432\u044b\u043f\u043e\u043b\u043d\u0435\u043d\u0438\u044f \u0438\u0437\u043c\u0435\u0440\u0435\u043d\u0438\u0439 \u043c\u0430\u0441\u0441\u043e\u0432\u043e\u0439 \u0434\u043e\u043b\u0438 \u043e\u0441\u043d\u043e\u0432\u043d\u043e\u0433\u043e \u0432\u0435\u0449\u0435\u0441\u0442\u0432\u0430 \u0440\u0435\u0430\u043a\u0442\u0438\u0432\u043e\u0432 \u0438 \u043e\u0441\u043e\u0431\u043e \u0447\u0438\u0441\u0442\u044b\u0445 \u0432\u0435\u0449\u0435\u0441\u0442\u0432 \u0442\u0438\u0442\u0440\u0438\u043c\u0435\u0442\u0440\u0438\u0447\u0435\u0441\u043a\u0438\u043c\u0438 \u043c\u0435\u0442\u043e\u0434\u0430\u043c\u0438. \u041e\u0431\u0449\u0438\u0435 \u0442\u0440\u0435\u0431\u043e\u0432\u0430\u043d\u0438\u044f. \u2014 \u041c.: \u0418\u041f\u041a \u0418\u0437\u0434\u0430\u0442\u0435\u043b\u044c\u0441\u0442\u0432\u043e \u0441\u0442\u0430\u043d\u0434\u0430\u0440\u0442\u043e\u0432, 2003.<\/p>\n<p>10. \u0413\u041e\u0421\u0422 10398-2016 \u0420\u0435\u0430\u043a\u0442\u0438\u0432\u044b \u0438 \u043e\u0441\u043e\u0431\u043e \u0447\u0438\u0441\u0442\u044b\u0435 \u0432\u0435\u0449\u0435\u0441\u0442\u0432\u0430. \u041a\u043e\u043c\u043f\u043b\u0435\u043a\u0441\u043e\u043d\u043e\u043c\u0435\u0442\u0440\u0438\u0447\u0435\u0441\u043a\u0438\u0439 \u043c\u0435\u0442\u043e\u0434 \u043e\u043f\u0440\u0435\u0434\u0435\u043b\u0435\u043d\u0438\u044f \u043e\u0441\u043d\u043e\u0432\u043d\u043e\u0433\u043e \u0432\u0435\u0449\u0435\u0441\u0442\u0432\u0430. \u2014 \u041c.: \u0421\u0442\u0430\u043d\u0434\u0430\u0440\u0442\u0438\u043d\u0444\u043e\u0440\u043c, 2016.<\/p>\n<p>11. J.R. Moody, R.R. Greenberg, K.W. Pratt, T.C. Rains. Recommended inorganic chemicals for calibration. Anal. Chem., vol. 60, No. 21, 1988.<\/p>\n<p>12. \u0413\u041e\u0421\u0422 \u0420 8.824-2013\/ ISO Guide 34:2009 \u0413\u043e\u0441\u0443\u0434\u0430\u0440\u0441\u0442\u0432\u0435\u043d\u043d\u0430\u044f \u0441\u0438\u0441\u0442\u0435\u043c\u0430 \u043e\u0431\u0435\u0441\u043f\u0435\u0447\u0435\u043d\u0438\u044f \u0435\u0434\u0438\u043d\u0441\u0442\u0432\u0430 \u0438\u0437\u043c\u0435\u0440\u0435\u043d\u0438\u0439 (\u0413\u0421\u0418). \u041e\u0431\u0449\u0438\u0435 \u0442\u0440\u0435\u0431\u043e\u0432\u0430\u043d\u0438\u044f \u043a \u043a\u043e\u043c\u043f\u0435\u0442\u0435\u043d\u0442\u043d\u043e\u0441\u0442\u0438 \u0438\u0437\u0433\u043e\u0442\u043e\u0432\u0438\u0442\u0435\u043b\u0435\u0439 \u0441\u0442\u0430\u043d\u0434\u0430\u0440\u0442\u043d\u044b\u0445 \u043e\u0431\u0440\u0430\u0437\u0446\u043e\u0432. \u041c.: \u0421\u0442\u0430\u043d\u0434\u0430\u0440\u0442\u0438\u043d\u0444\u043e\u0440\u043c, 2015.<\/p>\n<p>13. Key comparison CCQM-K34.2 \u201cAssay of potassium hydrogen phthalate\u201d: final report [\u042d\u043b\u0435\u043a\u0442\u0440\u043e\u043d\u043d\u044b\u0439 \u0440\u0435\u0441\u0443\u0440\u0441] \/ Slovak Institute of metrology. \u2014 Bratislava, 2009. \u2014 12 p. \u2014 \u0420\u0435\u0436\u0438\u043c \u0434\u043e\u0441\u0442\u0443\u043f\u0430: http:\/\/kcdb.bipm.org\/appendixB\/appbre-sults\/ccqm-k34\/ccqm-k34.2_final_ report.pdf.<\/p>\n<p>14. M\u00e1ri\u00e1ssy M., Hankov\u00e1 Z., Hwang E., Lim Y., Pratt K.W., Hioki A., Asakai T., Wu B., Ma L., Wei C., Sobina A., Shimolin A., Junior W.B.S., Borges P.P., Matehuala F.J., Segoviano F., Rivera G., Ram\u00edrez P., Arvizu M.R., Ortiz-Aparicio J.L. Final report on key comparison CCQM-K96: Determination of amount content of dichromate \/\/ Metrologia, 50, Tech. Suppl., 08012 (2013). \u0420\u0435\u0436\u0438\u043c \u0434\u043e\u0441\u0442\u0443\u043f\u0430: http:\/\/www.bipm.org\/utils\/common\/pdf\/final_reports\/QM\/K96\/CCQMK96.pdf.<\/p>\n<p>15. Ma Liandi, Wu Bing, Michal Mariassy, Kenneth W. Pratt, Euijin Hwang, Judith Velina Lara Manzano, Wladyslaw Kozlowski, Paulo Paschoal Borges, Jason F Waters, Toshihiro Suzuki, Alexandr Shimolin, Gennady Terentiev and Vladimir Dobrovolskiy. Final report on key comparison CCQM-K48.2014: Assay of potassium chloride \/\/ Metrologia, 53, Tech. Suppl., 08012 (2016).<\/p>\n<p>16. Calibration and measurement capabilities. Amount of substance, High purity chemicals, Russian Federation [\u042d\u043b\u0435\u043a\u0442\u0440\u043e\u043d\u043d\u044b\u0439 \u0440\u0435\u0441\u0443\u0440\u0441]. \u2014 \u0420\u0435\u0436\u0438\u043c \u0434\u043e\u0441\u0442\u0443\u043f\u0430: http:\/\/kcdb.bipm.org\/appendixC\/QM\/RU\/QM_RU_1.pdf.<\/p>\n\n\n<p><strong>\u0421\u0442\u0430\u0442\u044c\u044f \u0432 \u041d\u0430\u0443\u0447\u043d\u043e\u0439 \u044d\u043b\u0435\u043a\u0442\u0440\u043e\u043d\u043d\u043e\u0439 \u0431\u0438\u0431\u043b\u0438\u043e\u0442\u0435\u043a\u0435 <strong><a href=\"https:\/\/elibrary.ru\/item.asp?id=35423628\">eLIBRARY<\/a>.<\/strong>&nbsp;<br>\u041e\u0444\u043e\u0440\u043c\u0438\u0442\u044c \u043f\u043e\u0434\u043f\u0438\u0441\u043a\u0443 \u0438 \u043a\u0443\u043f\u0438\u0442\u044c&nbsp;<a href=\"https:\/\/asm.vniiftri.ru\/?page_id=38\">\u043f\u0435\u0447\u0430\u0442\u043d\u044b\u0435 \u043d\u043e\u043c\u0435\u0440\u0430&nbsp;\u0436\u0443\u0440\u043d\u0430\u043b\u0430<\/a>&nbsp;\u0443 \u0438\u0437\u0434\u0430\u0442\u0435\u043b\u044f. <\/strong><\/p>\n","protected":false},"excerpt":{"rendered":"<p>\u0410.\u0412. \u0421\u043e\u0431\u0438\u043d\u0430, \u0413.\u0418. \u0422\u0435\u0440\u0435\u043d\u0442\u044c\u0435\u0432, \u0410.\u042e. \u0428\u0438\u043c\u043e\u043b\u0438\u043d, \u0412.\u041c. \u0417\u044b\u0441\u043a\u0438\u043d \u0424\u0413\u0423\u041f \u00ab\u0423\u041d\u0418\u0418\u041c\u00bb, \u0415\u043a\u0430\u0442\u0435\u0440\u0438\u043d\u0431\u0443\u0440\u0433 \u00ab\u0410\u043b\u044c\u043c\u0430\u043d\u0430\u0445 \u0441\u043e\u0432\u0440\u0435\u043c\u0435\u043d\u043d\u043e\u0439 \u043c\u0435\u0442\u0440\u043e\u043b\u043e\u0433\u0438\u0438\u00bb \u2116&nbsp;2 (14) 2018, \u0441\u0442\u0440. 26\u201334 \u0421\u0442\u0430\u0442\u044c\u044f \u0432 \u043f\u043e\u043b\u043d\u043e\u043c \u043e\u0431\u044a\u0435\u043c\u0435 (PDF) \u0423\u0414\u041a 006.91:544 \u041f\u0440\u0435\u0434\u0441\u0442\u0430\u0432\u043b\u0435\u043d\u044b \u043a\u0440\u0430\u0442\u043a\u0438\u0435 \u0441\u0432\u0435\u0434\u0435\u043d\u0438\u044f \u043e \u0413\u043e\u0441\u0443\u0434\u0430\u0440\u0441\u0442\u0432\u0435\u043d\u043d\u043e\u043c \u043f\u0435\u0440\u0432\u0438\u0447\u043d\u043e\u043c \u044d\u0442\u0430\u043b\u043e\u043d\u0435 \u0435\u0434\u0438\u043d\u0438\u0446 \u043c\u0430\u0441\u0441\u043e\u0432\u043e\u0439 (\u043c\u043e\u043b\u044f\u0440\u043d\u043e\u0439) \u0434\u043e\u043b\u0438 \u0438 \u043c\u0430\u0441\u0441\u043e\u0432\u043e\u0439 (\u043c\u043e\u043b\u044f\u0440\u043d\u043e\u0439) \u043a\u043e\u043d\u0446\u0435\u043d\u0442\u0440\u0430\u0446\u0438\u0438 \u043a\u043e\u043c\u043f\u043e\u043d\u0435\u043d\u0442\u0430 \u0432 \u0436\u0438\u0434\u043a\u0438\u0445 \u0438 \u0442\u0432\u0435\u0440\u0434\u044b\u0445 \u0432\u0435\u0449\u0435\u0441\u0442\u0432\u0430\u0445 \u043d\u0430 \u043e\u0441\u043d\u043e\u0432\u0435 \u043a\u0443\u043b\u043e\u043d\u043e\u043c\u0435\u0442\u0440\u0438\u0438 \u0413\u042d\u0422 176-2013. \u041f\u0440\u0438\u0432\u0435\u0434\u0435\u043d \u043f\u0435\u0440\u0435\u0447\u0435\u043d\u044c \u0438 [&hellip;]<\/p>\n","protected":false},"author":4,"featured_media":0,"parent":676,"menu_order":0,"comment_status":"closed","ping_status":"closed","template":"","meta":[],"_links":{"self":[{"href":"https:\/\/asm.vniiftri.ru\/index.php?rest_route=\/wp\/v2\/pages\/1806"}],"collection":[{"href":"https:\/\/asm.vniiftri.ru\/index.php?rest_route=\/wp\/v2\/pages"}],"about":[{"href":"https:\/\/asm.vniiftri.ru\/index.php?rest_route=\/wp\/v2\/types\/page"}],"author":[{"embeddable":true,"href":"https:\/\/asm.vniiftri.ru\/index.php?rest_route=\/wp\/v2\/users\/4"}],"replies":[{"embeddable":true,"href":"https:\/\/asm.vniiftri.ru\/index.php?rest_route=%2Fwp%2Fv2%2Fcomments&post=1806"}],"version-history":[{"count":11,"href":"https:\/\/asm.vniiftri.ru\/index.php?rest_route=\/wp\/v2\/pages\/1806\/revisions"}],"predecessor-version":[{"id":18380,"href":"https:\/\/asm.vniiftri.ru\/index.php?rest_route=\/wp\/v2\/pages\/1806\/revisions\/18380"}],"up":[{"embeddable":true,"href":"https:\/\/asm.vniiftri.ru\/index.php?rest_route=\/wp\/v2\/pages\/676"}],"wp:attachment":[{"href":"https:\/\/asm.vniiftri.ru\/index.php?rest_route=%2Fwp%2Fv2%2Fmedia&parent=1806"}],"curies":[{"name":"wp","href":"https:\/\/api.w.org\/{rel}","templated":true}]}}